{"id":72,"date":"2021-04-13T15:39:44","date_gmt":"2021-04-13T12:39:44","guid":{"rendered":"https:\/\/motivex.com.tr\/?page_id=72"},"modified":"2021-04-13T16:50:23","modified_gmt":"2021-04-13T13:50:23","slug":"muteahhitlik","status":"publish","type":"page","link":"https:\/\/motivex.com.tr\/index.php\/muteahhitlik\/","title":{"rendered":"M\u00fcteahhitlik"},"content":{"rendered":"\t\t<div data-elementor-type=\"wp-page\" data-elementor-id=\"72\" class=\"elementor elementor-72\">\n\t\t\t\t\t\t<section class=\"elementor-section elementor-top-section elementor-element elementor-element-058153b elementor-section-boxed elementor-section-height-default elementor-section-height-default\" data-id=\"058153b\" data-element_type=\"section\" data-e-type=\"section\">\n\t\t\t\t\t\t<div class=\"elementor-container elementor-column-gap-default\">\n\t\t\t\t\t<div class=\"elementor-column elementor-col-100 elementor-top-column elementor-element elementor-element-ae5480a\" data-id=\"ae5480a\" data-element_type=\"column\" data-e-type=\"column\">\n\t\t\t<div class=\"elementor-widget-wrap elementor-element-populated\">\n\t\t\t\t\t\t<section class=\"elementor-section elementor-inner-section elementor-element elementor-element-492c33c elementor-section-boxed elementor-section-height-default elementor-section-height-default\" data-id=\"492c33c\" data-element_type=\"section\" data-e-type=\"section\">\n\t\t\t\t\t\t<div class=\"elementor-container elementor-column-gap-default\">\n\t\t\t\t\t<div class=\"elementor-column elementor-col-50 elementor-inner-column elementor-element elementor-element-57db176\" data-id=\"57db176\" data-element_type=\"column\" data-e-type=\"column\">\n\t\t\t<div class=\"elementor-widget-wrap elementor-element-populated\">\n\t\t\t\t\t\t<div class=\"elementor-element elementor-element-f470635 elementor-widget elementor-widget-text-editor\" data-id=\"f470635\" data-element_type=\"widget\" data-e-type=\"widget\" data-widget_type=\"text-editor.default\">\n\t\t\t\t<div class=\"elementor-widget-container\">\n\t\t\t\t\t\t\t\t\t<p><span style=\"box-sizing: inherit; font-weight: bold; max-width: var(--global--spacing-measure); color: #000000; font-family: -apple-system, BlinkMacSystemFont, 'Segoe UI', Roboto, Oxygen-Sans, Ubuntu, Cantarell, 'Helvetica Neue', sans-serif;\">\u0130n\u015faat Hizmetleri<br style=\"box-sizing: inherit; max-width: var(--global--spacing-measure);\" \/><\/span><span style=\"color: #000000; font-family: -apple-system, BlinkMacSystemFont, 'Segoe UI', Roboto, Oxygen-Sans, Ubuntu, Cantarell, 'Helvetica Neue', sans-serif;\">Firmam\u0131z\u0131n her t\u00fcrl\u00fc bina in\u015faat\u0131nda kalite, \u00fcst\u00fcn hizmet ve ekonomi prensibiyle \u00e7ok say\u0131da referans\u0131 bulunmaktad\u0131r. Sanayi Yap\u0131lar\u0131, Sosyal ve Ticari Yap\u0131lar, Konutlar, Turistik Yap\u0131larda engin tecr\u00fcbe ve makine park\u0131yla k\u0131sa s\u00fcrede b\u00fcy\u00fck i\u015fler ba\u015farman\u0131n mutlulu\u011funu ya\u015famaktay\u0131z.<\/span><\/p>\t\t\t\t\t\t\t\t<\/div>\n\t\t\t\t<\/div>\n\t\t\t\t\t<\/div>\n\t\t<\/div>\n\t\t\t\t<div class=\"elementor-column elementor-col-50 elementor-inner-column elementor-element elementor-element-8b3ad92\" data-id=\"8b3ad92\" data-element_type=\"column\" data-e-type=\"column\">\n\t\t\t<div class=\"elementor-widget-wrap elementor-element-populated\">\n\t\t\t\t\t\t<div class=\"elementor-element elementor-element-114837b elementor-widget elementor-widget-spacer\" data-id=\"114837b\" data-element_type=\"widget\" data-e-type=\"widget\" data-widget_type=\"spacer.default\">\n\t\t\t\t<div class=\"elementor-widget-container\">\n\t\t\t\t\t\t\t<div class=\"elementor-spacer\">\n\t\t\t<div class=\"elementor-spacer-inner\"><\/div>\n\t\t<\/div>\n\t\t\t\t\t\t<\/div>\n\t\t\t\t<\/div>\n\t\t\t\t<div class=\"elementor-element elementor-element-647b4d8 elementor-widget elementor-widget-image\" data-id=\"647b4d8\" data-element_type=\"widget\" data-e-type=\"widget\" data-widget_type=\"image.default\">\n\t\t\t\t<div class=\"elementor-widget-container\">\n\t\t\t\t\t\t\t\t\t\t\t\t\t\t\t<img fetchpriority=\"high\" decoding=\"async\" width=\"750\" height=\"500\" src=\"https:\/\/motivex.com.tr\/wp-content\/uploads\/2021\/04\/pexels-photo-1402923-1024x683.jpeg\" class=\"attachment-large size-large wp-image-104\" alt=\"\" srcset=\"https:\/\/motivex.com.tr\/wp-content\/uploads\/2021\/04\/pexels-photo-1402923-1024x683.jpeg 1024w, https:\/\/motivex.com.tr\/wp-content\/uploads\/2021\/04\/pexels-photo-1402923-300x200.jpeg 300w, https:\/\/motivex.com.tr\/wp-content\/uploads\/2021\/04\/pexels-photo-1402923-768x512.jpeg 768w, https:\/\/motivex.com.tr\/wp-content\/uploads\/2021\/04\/pexels-photo-1402923-1536x1024.jpeg 1536w, https:\/\/motivex.com.tr\/wp-content\/uploads\/2021\/04\/pexels-photo-1402923-2048x1365.jpeg 2048w, https:\/\/motivex.com.tr\/wp-content\/uploads\/2021\/04\/pexels-photo-1402923-1568x1045.jpeg 1568w\" sizes=\"(max-width: 750px) 100vw, 750px\" style=\"width:100%;height:66.67%;max-width:2250px\" \/>\t\t\t\t\t\t\t\t\t\t\t\t\t\t\t<\/div>\n\t\t\t\t<\/div>\n\t\t\t\t\t<\/div>\n\t\t<\/div>\n\t\t\t\t\t<\/div>\n\t\t<\/section>\n\t\t\t\t\t<\/div>\n\t\t<\/div>\n\t\t\t\t\t<\/div>\n\t\t<\/section>\n\t\t\t\t<section class=\"elementor-section elementor-top-section elementor-element elementor-element-246b1af elementor-section-boxed elementor-section-height-default elementor-section-height-default\" data-id=\"246b1af\" data-element_type=\"section\" data-e-type=\"section\">\n\t\t\t\t\t\t<div class=\"elementor-container elementor-column-gap-default\">\n\t\t\t\t\t<div class=\"elementor-column elementor-col-100 elementor-top-column elementor-element elementor-element-ed71f95\" data-id=\"ed71f95\" data-element_type=\"column\" data-e-type=\"column\">\n\t\t\t<div class=\"elementor-widget-wrap elementor-element-populated\">\n\t\t\t\t\t\t<section class=\"elementor-section elementor-inner-section elementor-element elementor-element-dd804a2 elementor-section-boxed elementor-section-height-default elementor-section-height-default\" data-id=\"dd804a2\" data-element_type=\"section\" data-e-type=\"section\">\n\t\t\t\t\t\t<div class=\"elementor-container elementor-column-gap-default\">\n\t\t\t\t\t<div class=\"elementor-column elementor-col-50 elementor-inner-column elementor-element elementor-element-2387402\" data-id=\"2387402\" data-element_type=\"column\" data-e-type=\"column\">\n\t\t\t<div class=\"elementor-widget-wrap elementor-element-populated\">\n\t\t\t\t\t\t<div class=\"elementor-element elementor-element-abd6f92 elementor-widget elementor-widget-spacer\" data-id=\"abd6f92\" data-element_type=\"widget\" data-e-type=\"widget\" data-widget_type=\"spacer.default\">\n\t\t\t\t<div class=\"elementor-widget-container\">\n\t\t\t\t\t\t\t<div class=\"elementor-spacer\">\n\t\t\t<div class=\"elementor-spacer-inner\"><\/div>\n\t\t<\/div>\n\t\t\t\t\t\t<\/div>\n\t\t\t\t<\/div>\n\t\t\t\t<div class=\"elementor-element elementor-element-e5cd48c elementor-widget elementor-widget-image\" data-id=\"e5cd48c\" data-element_type=\"widget\" data-e-type=\"widget\" data-widget_type=\"image.default\">\n\t\t\t\t<div class=\"elementor-widget-container\">\n\t\t\t\t\t\t\t\t\t\t\t\t\t\t\t<img decoding=\"async\" width=\"750\" height=\"500\" src=\"https:\/\/motivex.com.tr\/wp-content\/uploads\/2021\/04\/pexels-photo-3862379-1024x683.jpeg\" class=\"attachment-large size-large wp-image-106\" alt=\"\" srcset=\"https:\/\/motivex.com.tr\/wp-content\/uploads\/2021\/04\/pexels-photo-3862379-1024x683.jpeg 1024w, https:\/\/motivex.com.tr\/wp-content\/uploads\/2021\/04\/pexels-photo-3862379-300x200.jpeg 300w, https:\/\/motivex.com.tr\/wp-content\/uploads\/2021\/04\/pexels-photo-3862379-768x512.jpeg 768w, https:\/\/motivex.com.tr\/wp-content\/uploads\/2021\/04\/pexels-photo-3862379-1536x1024.jpeg 1536w, https:\/\/motivex.com.tr\/wp-content\/uploads\/2021\/04\/pexels-photo-3862379-2048x1366.jpeg 2048w, https:\/\/motivex.com.tr\/wp-content\/uploads\/2021\/04\/pexels-photo-3862379-1568x1046.jpeg 1568w\" sizes=\"(max-width: 750px) 100vw, 750px\" style=\"width:100%;height:66.7%;max-width:2249px\" \/>\t\t\t\t\t\t\t\t\t\t\t\t\t\t\t<\/div>\n\t\t\t\t<\/div>\n\t\t\t\t\t<\/div>\n\t\t<\/div>\n\t\t\t\t<div class=\"elementor-column elementor-col-50 elementor-inner-column elementor-element elementor-element-fd55fa0\" data-id=\"fd55fa0\" data-element_type=\"column\" data-e-type=\"column\">\n\t\t\t<div class=\"elementor-widget-wrap elementor-element-populated\">\n\t\t\t\t\t\t<div class=\"elementor-element elementor-element-45a0334 elementor-widget elementor-widget-text-editor\" data-id=\"45a0334\" data-element_type=\"widget\" data-e-type=\"widget\" data-widget_type=\"text-editor.default\">\n\t\t\t\t<div class=\"elementor-widget-container\">\n\t\t\t\t\t\t\t\t\t<p><span style=\"box-sizing: inherit; font-weight: bold; max-width: var(--global--spacing-measure); color: #000000; font-family: -apple-system, BlinkMacSystemFont, 'Segoe UI', Roboto, Oxygen-Sans, Ubuntu, Cantarell, 'Helvetica Neue', sans-serif;\">M\u00fchendislik Hizmetleri<br style=\"box-sizing: inherit; max-width: var(--global--spacing-measure);\" \/><\/span><span style=\"color: #000000; font-family: -apple-system, BlinkMacSystemFont, 'Segoe UI', Roboto, Oxygen-Sans, Ubuntu, Cantarell, 'Helvetica Neue', sans-serif;\">Kaliteli, \u00e7abuk ve etkin bir tasar\u0131m hizmeti sunabilecek altyap\u0131ya sahip olan ekibimiz, sekt\u00f6rdeki bilimsel ve teknolojik geli\u015fmeleri s\u00fcrekli takip etmekte ve bu yenilikleri en do\u011fru \u015fekilde m\u00fchendislik hizmetlerine yans\u0131tmaktad\u0131r.<\/span><\/p>\t\t\t\t\t\t\t\t<\/div>\n\t\t\t\t<\/div>\n\t\t\t\t\t<\/div>\n\t\t<\/div>\n\t\t\t\t\t<\/div>\n\t\t<\/section>\n\t\t\t\t\t<\/div>\n\t\t<\/div>\n\t\t\t\t\t<\/div>\n\t\t<\/section>\n\t\t\t\t<section class=\"elementor-section elementor-top-section elementor-element elementor-element-f90ed84 elementor-section-boxed elementor-section-height-default elementor-section-height-default\" data-id=\"f90ed84\" data-element_type=\"section\" data-e-type=\"section\">\n\t\t\t\t\t\t<div class=\"elementor-container elementor-column-gap-default\">\n\t\t\t\t\t<div class=\"elementor-column elementor-col-100 elementor-top-column elementor-element elementor-element-0efcb8f\" data-id=\"0efcb8f\" data-element_type=\"column\" data-e-type=\"column\">\n\t\t\t<div class=\"elementor-widget-wrap elementor-element-populated\">\n\t\t\t\t\t\t<section class=\"elementor-section elementor-inner-section elementor-element elementor-element-b4f1268 elementor-section-boxed elementor-section-height-default elementor-section-height-default\" data-id=\"b4f1268\" data-element_type=\"section\" data-e-type=\"section\">\n\t\t\t\t\t\t<div class=\"elementor-container elementor-column-gap-default\">\n\t\t\t\t\t<div class=\"elementor-column elementor-col-50 elementor-inner-column elementor-element elementor-element-48a38fe\" data-id=\"48a38fe\" data-element_type=\"column\" data-e-type=\"column\">\n\t\t\t<div class=\"elementor-widget-wrap elementor-element-populated\">\n\t\t\t\t\t\t<div class=\"elementor-element elementor-element-e0fcd4a elementor-widget elementor-widget-text-editor\" data-id=\"e0fcd4a\" data-element_type=\"widget\" data-e-type=\"widget\" data-widget_type=\"text-editor.default\">\n\t\t\t\t<div class=\"elementor-widget-container\">\n\t\t\t\t\t\t\t\t\t<p><span style=\"box-sizing: inherit; font-weight: bold; max-width: var(--global--spacing-measure); color: #000000; font-family: -apple-system, BlinkMacSystemFont, 'Segoe UI', Roboto, Oxygen-Sans, Ubuntu, Cantarell, 'Helvetica Neue', sans-serif;\">Zemin \u00c7al\u0131\u015fmalar\u0131<br style=\"box-sizing: inherit; max-width: var(--global--spacing-measure);\" \/><\/span><span style=\"color: #000000; font-family: -apple-system, BlinkMacSystemFont, 'Segoe UI', Roboto, Oxygen-Sans, Ubuntu, Cantarell, 'Helvetica Neue', sans-serif;\">Zemin et\u00fcd\u00fc projeleri \u00e7\u0131kan yeni yasayla zorunlu hale gelmi\u015ftir. Herhangi bir arazide \u00fczerine yap\u0131lacak (bina, tesis, depo vs..) belediye onayl\u0131, bir bakanl\u0131\u011fa yada ba\u015fka bir kuruma ba\u011fl\u0131, arazinin belli ara\u015ft\u0131rmalar, deneyler, testler sonucu, arazi hakk\u0131nda detayl\u0131 bilgi vermek, araziyi projelendirmek ve yorumlamay\u0131 kapsamaktad\u0131r.<\/span><\/p>\t\t\t\t\t\t\t\t<\/div>\n\t\t\t\t<\/div>\n\t\t\t\t\t<\/div>\n\t\t<\/div>\n\t\t\t\t<div class=\"elementor-column elementor-col-50 elementor-inner-column elementor-element elementor-element-12c8c1d\" data-id=\"12c8c1d\" data-element_type=\"column\" data-e-type=\"column\">\n\t\t\t<div class=\"elementor-widget-wrap elementor-element-populated\">\n\t\t\t\t\t\t<div class=\"elementor-element elementor-element-3167391 elementor-widget elementor-widget-spacer\" data-id=\"3167391\" data-element_type=\"widget\" data-e-type=\"widget\" data-widget_type=\"spacer.default\">\n\t\t\t\t<div class=\"elementor-widget-container\">\n\t\t\t\t\t\t\t<div class=\"elementor-spacer\">\n\t\t\t<div class=\"elementor-spacer-inner\"><\/div>\n\t\t<\/div>\n\t\t\t\t\t\t<\/div>\n\t\t\t\t<\/div>\n\t\t\t\t<div class=\"elementor-element elementor-element-9496317 elementor-widget elementor-widget-spacer\" data-id=\"9496317\" data-element_type=\"widget\" data-e-type=\"widget\" data-widget_type=\"spacer.default\">\n\t\t\t\t<div class=\"elementor-widget-container\">\n\t\t\t\t\t\t\t<div class=\"elementor-spacer\">\n\t\t\t<div class=\"elementor-spacer-inner\"><\/div>\n\t\t<\/div>\n\t\t\t\t\t\t<\/div>\n\t\t\t\t<\/div>\n\t\t\t\t<div class=\"elementor-element elementor-element-29a92f5 elementor-widget elementor-widget-image\" data-id=\"29a92f5\" data-element_type=\"widget\" data-e-type=\"widget\" data-widget_type=\"image.default\">\n\t\t\t\t<div class=\"elementor-widget-container\">\n\t\t\t\t\t\t\t\t\t\t\t\t\t\t\t<img decoding=\"async\" width=\"750\" height=\"500\" src=\"https:\/\/motivex.com.tr\/wp-content\/uploads\/2021\/04\/pexels-photo-3183153-1024x683.jpeg\" class=\"attachment-large size-large wp-image-105\" alt=\"\" srcset=\"https:\/\/motivex.com.tr\/wp-content\/uploads\/2021\/04\/pexels-photo-3183153-1024x683.jpeg 1024w, https:\/\/motivex.com.tr\/wp-content\/uploads\/2021\/04\/pexels-photo-3183153-300x200.jpeg 300w, https:\/\/motivex.com.tr\/wp-content\/uploads\/2021\/04\/pexels-photo-3183153-768x512.jpeg 768w, https:\/\/motivex.com.tr\/wp-content\/uploads\/2021\/04\/pexels-photo-3183153-1536x1024.jpeg 1536w, https:\/\/motivex.com.tr\/wp-content\/uploads\/2021\/04\/pexels-photo-3183153-2048x1365.jpeg 2048w, https:\/\/motivex.com.tr\/wp-content\/uploads\/2021\/04\/pexels-photo-3183153-1568x1045.jpeg 1568w\" sizes=\"(max-width: 750px) 100vw, 750px\" style=\"width:100%;height:66.67%;max-width:2250px\" \/>\t\t\t\t\t\t\t\t\t\t\t\t\t\t\t<\/div>\n\t\t\t\t<\/div>\n\t\t\t\t\t<\/div>\n\t\t<\/div>\n\t\t\t\t\t<\/div>\n\t\t<\/section>\n\t\t\t\t\t<\/div>\n\t\t<\/div>\n\t\t\t\t\t<\/div>\n\t\t<\/section>\n\t\t\t\t<\/div>\n\t\t","protected":false},"excerpt":{"rendered":"<p>\u0130n\u015faat HizmetleriFirmam\u0131z\u0131n her t\u00fcrl\u00fc bina in\u015faat\u0131nda kalite, \u00fcst\u00fcn hizmet ve ekonomi prensibiyle \u00e7ok say\u0131da referans\u0131 bulunmaktad\u0131r. Sanayi Yap\u0131lar\u0131, Sosyal ve Ticari Yap\u0131lar, Konutlar, Turistik Yap\u0131larda engin tecr\u00fcbe ve makine park\u0131yla k\u0131sa s\u00fcrede b\u00fcy\u00fck i\u015fler ba\u015farman\u0131n mutlulu\u011funu ya\u015famaktay\u0131z. M\u00fchendislik HizmetleriKaliteli, \u00e7abuk ve etkin bir tasar\u0131m hizmeti sunabilecek altyap\u0131ya sahip olan ekibimiz, sekt\u00f6rdeki bilimsel ve teknolojik geli\u015fmeleri&hellip; <a class=\"more-link\" href=\"https:\/\/motivex.com.tr\/index.php\/muteahhitlik\/\">Okumaya devam et <span class=\"screen-reader-text\">M\u00fcteahhitlik<\/span><\/a><\/p>\n","protected":false},"author":1,"featured_media":0,"parent":0,"menu_order":0,"comment_status":"closed","ping_status":"closed","template":"","meta":{"footnotes":""},"class_list":["post-72","page","type-page","status-publish","hentry","entry"],"_links":{"self":[{"href":"https:\/\/motivex.com.tr\/index.php\/wp-json\/wp\/v2\/pages\/72","targetHints":{"allow":["GET"]}}],"collection":[{"href":"https:\/\/motivex.com.tr\/index.php\/wp-json\/wp\/v2\/pages"}],"about":[{"href":"https:\/\/motivex.com.tr\/index.php\/wp-json\/wp\/v2\/types\/page"}],"author":[{"embeddable":true,"href":"https:\/\/motivex.com.tr\/index.php\/wp-json\/wp\/v2\/users\/1"}],"replies":[{"embeddable":true,"href":"https:\/\/motivex.com.tr\/index.php\/wp-json\/wp\/v2\/comments?post=72"}],"version-history":[{"count":7,"href":"https:\/\/motivex.com.tr\/index.php\/wp-json\/wp\/v2\/pages\/72\/revisions"}],"predecessor-version":[{"id":110,"href":"https:\/\/motivex.com.tr\/index.php\/wp-json\/wp\/v2\/pages\/72\/revisions\/110"}],"wp:attachment":[{"href":"https:\/\/motivex.com.tr\/index.php\/wp-json\/wp\/v2\/media?parent=72"}],"curies":[{"name":"wp","href":"https:\/\/api.w.org\/{rel}","templated":true}]}}